{"version":"1.0","provider_name":"Mizar","provider_url":"https:\/\/www.mizar.it\/de\/","author_name":"Andrea Garnero","author_url":"https:\/\/www.mizar.it\/de\/author\/foreach\/","title":"Mizar - MIZAR kehrt zur EUROLUCE 2025 zur\u00fcck","type":"rich","width":600,"height":338,"html":"<blockquote class=\"wp-embedded-content\" data-secret=\"sKmw7HClxN\"><a href=\"https:\/\/www.mizar.it\/de\/news\/mizar-kehrt-zur-euroluce-2025-zurueck\/\">MIZAR kehrt zur EUROLUCE 2025 zur\u00fcck<\/a><\/blockquote><iframe sandbox=\"allow-scripts\" security=\"restricted\" src=\"https:\/\/www.mizar.it\/de\/news\/mizar-kehrt-zur-euroluce-2025-zurueck\/embed\/#?secret=sKmw7HClxN\" width=\"600\" height=\"338\" title=\"&#8222;MIZAR kehrt zur EUROLUCE 2025 zur\u00fcck&#8220; &#8211; Mizar\" data-secret=\"sKmw7HClxN\" frameborder=\"0\" marginwidth=\"0\" marginheight=\"0\" scrolling=\"no\" class=\"wp-embedded-content\"><\/iframe><script type=\"text\/javascript\">\n\/* <![CDATA[ *\/\n\/*! This file is auto-generated *\/\n!function(d,l){\"use strict\";l.querySelector&&d.addEventListener&&\"undefined\"!=typeof URL&&(d.wp=d.wp||{},d.wp.receiveEmbedMessage||(d.wp.receiveEmbedMessage=function(e){var t=e.data;if((t||t.secret||t.message||t.value)&&!\/[^a-zA-Z0-9]\/.test(t.secret)){for(var s,r,n,a=l.querySelectorAll('iframe[data-secret=\"'+t.secret+'\"]'),o=l.querySelectorAll('blockquote[data-secret=\"'+t.secret+'\"]'),c=new RegExp(\"^https?:$\",\"i\"),i=0;i<o.length;i++)o[i].style.display=\"none\";for(i=0;i<a.length;i++)s=a[i],e.source===s.contentWindow&&(s.removeAttribute(\"style\"),\"height\"===t.message?(1e3<(r=parseInt(t.value,10))?r=1e3:~~r<200&&(r=200),s.height=r):\"link\"===t.message&&(r=new URL(s.getAttribute(\"src\")),n=new URL(t.value),c.test(n.protocol))&&n.host===r.host&&l.activeElement===s&&(d.top.location.href=t.value))}},d.addEventListener(\"message\",d.wp.receiveEmbedMessage,!1),l.addEventListener(\"DOMContentLoaded\",function(){for(var e,t,s=l.querySelectorAll(\"iframe.wp-embedded-content\"),r=0;r<s.length;r++)(t=(e=s[r]).getAttribute(\"data-secret\"))||(t=Math.random().toString(36).substring(2,12),e.src+=\"#?secret=\"+t,e.setAttribute(\"data-secret\",t)),e.contentWindow.postMessage({message:\"ready\",secret:t},\"*\")},!1)))}(window,document);\n\/\/# sourceURL=https:\/\/www.mizar.it\/wp-includes\/js\/wp-embed.min.js\n\/* ]]> *\/\n<\/script>\n","description":"Mizar wird auf der Euroluce 2025 mit vielen neuen Produkten vertreten sein! Wenn Sie innovative L\u00f6sungen entdecken m\u00f6chten, die Technologie und Design kombinieren, um einzigartige Atmosph\u00e4ren zu schaffen, d\u00fcrfen Sie unseren Stand nicht verpassen. Besuchen Sie uns w\u00e4hrend der Salone del Mobile Woche vom 8. bis 13. April auf der Fiera Milano Rho in Pavillon [...]","thumbnail_url":"https:\/\/www.mizar.it\/wp-content\/uploads\/2025\/04\/banner-euroluce-1024x576.jpg"}

Mizar - MIZAR kehrt zur EUROLUCE 2025 zurück

<blockquote class="wp-embedded-content" data-secret="sKmw7HClxN"><a href="https://www.mizar.it/de/news/mizar-kehrt-zur-euroluce-2025-zurueck/">MIZAR kehrt zur EUROLUCE 2025 zurück</a></blockquote><iframe sandbox="allow-scripts" security="restricted" src="https://www.mizar.it/de/news/mizar-kehrt-zur-euroluce-2025-zurueck/embed/#?secret=sKmw7HClxN" width="600" height="338" title="&#8222;MIZAR kehrt zur EUROLUCE 2025 zurück&#8220; &#8211; Mizar" data-secret="sKmw7HClxN" frameborder="0" marginwidth="0" marginheight="0" scrolling="no" class="wp-embedded-content"></iframe><script type="text/javascript">
/* <![CDATA[ */
/*! This file is auto-generated */
!function(d,l){"use strict";l.querySelector&&d.addEventListener&&"undefined"!=typeof URL&&(d.wp=d.wp||{},d.wp.receiveEmbedMessage||(d.wp.receiveEmbedMessage=function(e){var t=e.data;if((t||t.secret||t.message||t.value)&&!/[^a-zA-Z0-9]/.test(t.secret)){for(var s,r,n,a=l.querySelectorAll('iframe[data-secret="'+t.secret+'"]'),o=l.querySelectorAll('blockquote[data-secret="'+t.secret+'"]'),c=new RegExp("^https?:$","i"),i=0;i<o.length;i++)o[i].style.display="none";for(i=0;i<a.length;i++)s=a[i],e.source===s.contentWindow&&(s.removeAttribute("style"),"height"===t.message?(1e3<(r=parseInt(t.value,10))?r=1e3:~~r<200&&(r=200),s.height=r):"link"===t.message&&(r=new URL(s.getAttribute("src")),n=new URL(t.value),c.test(n.protocol))&&n.host===r.host&&l.activeElement===s&&(d.top.location.href=t.value))}},d.addEventListener("message",d.wp.receiveEmbedMessage,!1),l.addEventListener("DOMContentLoaded",function(){for(var e,t,s=l.querySelectorAll("iframe.wp-embedded-content"),r=0;r<s.length;r++)(t=(e=s[r]).getAttribute("data-secret"))||(t=Math.random().toString(36).substring(2,12),e.src+="#?secret="+t,e.setAttribute("data-secret",t)),e.contentWindow.postMessage({message:"ready",secret:t},"*")},!1)))}(window,document);
//# sourceURL=https://www.mizar.it/wp-includes/js/wp-embed.min.js
/* ]]> */
</script>

Mizar wird auf der Euroluce 2025 mit vielen neuen Produkten vertreten sein! Wenn Sie innovative Lösungen entdecken möchten, die Technologie und Design kombinieren, um einzigartige Atmosphären zu schaffen, dürfen Sie unseren Stand nicht verpassen. Besuchen Sie uns während der Salone del Mobile Woche vom 8. bis 13. April auf der Fiera Milano Rho in Pavillon [...]
